{"id":9325,"date":"2023-01-30T05:18:21","date_gmt":"2023-01-30T05:18:21","guid":{"rendered":"https:\/\/cefrepa.cnrs.fr\/?page_id=9325"},"modified":"2023-08-02T06:09:03","modified_gmt":"2023-08-02T06:09:03","slug":"axe-vii","status":"publish","type":"page","link":"https:\/\/cefrepa.cnrs.fr\/fr\/axe-vii\/","title":{"rendered":"Axe Transversal II &#8211; Le renouvellement de la pens\u00e9e religieuse en islam \u00e0 l\u2019\u00e9poque contemporaine"},"content":{"rendered":"\t\t<div data-elementor-type=\"wp-page\" data-elementor-id=\"9325\" class=\"elementor elementor-9325\">\n\t\t\t\t\t\t\t\t\t<section class=\"elementor-section elementor-top-section elementor-element elementor-element-687ebab elementor-section-full_width elementor-section-stretched elementor-section-height-default elementor-section-height-default\" data-id=\"687ebab\" data-element_type=\"section\" data-settings=\"{&quot;stretch_section&quot;:&quot;section-stretched&quot;,&quot;background_background&quot;:&quot;classic&quot;}\">\n\t\t\t\t\t\t\t<div class=\"elementor-background-overlay\"><\/div>\n\t\t\t\t\t\t\t<div class=\"elementor-container elementor-column-gap-default\">\n\t\t\t\t\t<div class=\"elementor-column elementor-col-100 elementor-top-column elementor-element elementor-element-652bb65b\" data-id=\"652bb65b\" data-element_type=\"column\">\n\t\t\t<div class=\"elementor-widget-wrap elementor-element-populated\">\n\t\t\t\t\t\t\t\t<div class=\"elementor-element elementor-element-2319b3fa elementor-widget elementor-widget-heading\" data-id=\"2319b3fa\" data-element_type=\"widget\" data-widget_type=\"heading.default\">\n\t\t\t\t<div class=\"elementor-widget-container\">\n\t\t\t<style>\/*! elementor - v3.18.0 - 20-12-2023 *\/\n.elementor-heading-title{padding:0;margin:0;line-height:1}.elementor-widget-heading .elementor-heading-title[class*=elementor-size-]>a{color:inherit;font-size:inherit;line-height:inherit}.elementor-widget-heading .elementor-heading-title.elementor-size-small{font-size:15px}.elementor-widget-heading .elementor-heading-title.elementor-size-medium{font-size:19px}.elementor-widget-heading .elementor-heading-title.elementor-size-large{font-size:29px}.elementor-widget-heading .elementor-heading-title.elementor-size-xl{font-size:39px}.elementor-widget-heading .elementor-heading-title.elementor-size-xxl{font-size:59px}<\/style><h2 class=\"elementor-heading-title elementor-size-default\">Axe Transversal II<\/h2>\t\t<\/div>\n\t\t\t\t<\/div>\n\t\t\t\t\t<\/div>\n\t\t<\/div>\n\t\t\t\t\t\t\t<\/div>\n\t\t<\/section>\n\t\t\t\t<section class=\"elementor-section elementor-top-section elementor-element elementor-element-2d3bc6e0 elementor-section-full_width elementor-section-stretched elementor-section-height-default elementor-section-height-default\" data-id=\"2d3bc6e0\" data-element_type=\"section\" data-settings=\"{&quot;stretch_section&quot;:&quot;section-stretched&quot;,&quot;background_background&quot;:&quot;classic&quot;}\">\n\t\t\t\t\t\t<div class=\"elementor-container elementor-column-gap-default\">\n\t\t\t\t\t<div class=\"elementor-column elementor-col-50 elementor-top-column elementor-element elementor-element-4b385461 elementor-invisible\" data-id=\"4b385461\" data-element_type=\"column\" data-settings=\"{&quot;animation&quot;:&quot;fadeInLeft&quot;,&quot;background_background&quot;:&quot;classic&quot;}\">\n\t\t\t<div class=\"elementor-widget-wrap elementor-element-populated\">\n\t\t\t\t\t\t\t\t<div class=\"elementor-element elementor-element-5457a9de elementor-widget elementor-widget-loquet-heading-widget\" data-id=\"5457a9de\" data-element_type=\"widget\" data-widget_type=\"loquet-heading-widget.default\">\n\t\t\t\t<div class=\"elementor-widget-container\">\n\t\t\t<div class=\"gt-module-title gt-style-1 gt-align-left gt-light\"><div class=\"gt-sub-title\"><span>Axe Transversal II<\/span><\/div><div class=\"gt-title\">Le renouvellement de la pens\u00e9e religieuse en islam \u00e0 l\u2019\u00e9poque contemporaine<\/div><\/div>\t\t<\/div>\n\t\t\t\t<\/div>\n\t\t\t\t<div class=\"elementor-element elementor-element-58e8ed1e elementor-widget elementor-widget-text-editor\" data-id=\"58e8ed1e\" data-element_type=\"widget\" data-widget_type=\"text-editor.default\">\n\t\t\t\t<div class=\"elementor-widget-container\">\n\t\t\t<style>\/*! elementor - v3.18.0 - 20-12-2023 *\/\n.elementor-widget-text-editor.elementor-drop-cap-view-stacked .elementor-drop-cap{background-color:#69727d;color:#fff}.elementor-widget-text-editor.elementor-drop-cap-view-framed .elementor-drop-cap{color:#69727d;border:3px solid;background-color:transparent}.elementor-widget-text-editor:not(.elementor-drop-cap-view-default) .elementor-drop-cap{margin-top:8px}.elementor-widget-text-editor:not(.elementor-drop-cap-view-default) .elementor-drop-cap-letter{width:1em;height:1em}.elementor-widget-text-editor .elementor-drop-cap{float:left;text-align:center;line-height:1;font-size:50px}.elementor-widget-text-editor .elementor-drop-cap-letter{display:inline-block}<\/style>\t\t\t\tCentr\u00e9 sur les dynamiques port\u00e9es actuellement par les \u00e9crivains et les intellectuels du monde arabe en g\u00e9n\u00e9ral et de la p\u00e9ninsule Arabique en particulier, ce deuxi\u00e8me axe transversal mobilise les efforts des historiens, politistes, anthropologues, philosophes ou sociologues afin de rep\u00e9rer les nouveaux foyers du renouvellement de la pens\u00e9e religieuse en Islam. Bien que le th\u00e8me remonte \u00e0 la Nahda et aux travaux de pionniers comme Rif\u00e2\u2019a al-Tahtaw\u00ee, Mohammad Abdou, Jamel-Eddin al-Afghan\u00ee, Khayr-Edd\u00een al-Tounis\u00ee ou Q\u00e2sim Am\u00een, l\u2019int\u00e9r\u00eat pour la lecture des textes fondateurs de l\u2019islam, \t\t\t\t\t\t<\/div>\n\t\t\t\t<\/div>\n\t\t\t\t\t<\/div>\n\t\t<\/div>\n\t\t\t\t<div class=\"elementor-column elementor-col-50 elementor-top-column elementor-element elementor-element-5c7c4a21 elementor-invisible\" data-id=\"5c7c4a21\" data-element_type=\"column\" data-settings=\"{&quot;animation&quot;:&quot;fadeInRight&quot;}\">\n\t\t\t<div class=\"elementor-widget-wrap elementor-element-populated\">\n\t\t\t\t\t\t\t\t<div class=\"elementor-element elementor-element-30e23913 elementor-widget elementor-widget-image\" data-id=\"30e23913\" data-element_type=\"widget\" data-widget_type=\"image.default\">\n\t\t\t\t<div class=\"elementor-widget-container\">\n\t\t\t<style>\/*! elementor - v3.18.0 - 20-12-2023 *\/\n.elementor-widget-image{text-align:center}.elementor-widget-image a{display:inline-block}.elementor-widget-image a img[src$=\".svg\"]{width:48px}.elementor-widget-image img{vertical-align:middle;display:inline-block}<\/style>\t\t\t\t\t\t\t\t\t\t\t\t\t<a href=\"https:\/\/cefrepa.cnrs.fr\/wp-content\/uploads\/2023\/01\/Jebel-Shams.jpg\" data-elementor-open-lightbox=\"yes\" data-elementor-lightbox-title=\"Jebel-Shams\" data-e-action-hash=\"#elementor-action%3Aaction%3Dlightbox%26settings%3DeyJpZCI6OTMyOSwidXJsIjoiaHR0cHM6XC9cL2NlZnJlcGEuY25ycy5mclwvd3AtY29udGVudFwvdXBsb2Fkc1wvMjAyM1wvMDFcL0plYmVsLVNoYW1zLmpwZyJ9\">\n\t\t\t\t\t\t\t<img fetchpriority=\"high\" decoding=\"async\" width=\"500\" height=\"500\" src=\"https:\/\/cefrepa.cnrs.fr\/wp-content\/uploads\/2023\/01\/Jebel-Shams.jpg\" class=\"elementor-animation-wobble-to-top-right attachment-full size-full wp-image-9329\" alt=\"\" srcset=\"https:\/\/cefrepa.cnrs.fr\/wp-content\/uploads\/2023\/01\/Jebel-Shams.jpg 500w, https:\/\/cefrepa.cnrs.fr\/wp-content\/uploads\/2023\/01\/Jebel-Shams-300x300.jpg 300w, https:\/\/cefrepa.cnrs.fr\/wp-content\/uploads\/2023\/01\/Jebel-Shams-150x150.jpg 150w, https:\/\/cefrepa.cnrs.fr\/wp-content\/uploads\/2023\/01\/Jebel-Shams-100x100.jpg 100w, https:\/\/cefrepa.cnrs.fr\/wp-content\/uploads\/2023\/01\/Jebel-Shams-350x350.jpg 350w, https:\/\/cefrepa.cnrs.fr\/wp-content\/uploads\/2023\/01\/Jebel-Shams-415x415.jpg 415w, https:\/\/cefrepa.cnrs.fr\/wp-content\/uploads\/2023\/01\/Jebel-Shams-250x250.jpg 250w, https:\/\/cefrepa.cnrs.fr\/wp-content\/uploads\/2023\/01\/Jebel-Shams-400x400.jpg 400w\" sizes=\"(max-width: 500px) 100vw, 500px\" \/>\t\t\t\t\t\t\t\t<\/a>\n\t\t\t\t\t\t\t\t\t\t\t\t\t\t\t<\/div>\n\t\t\t\t<\/div>\n\t\t\t\t\t<\/div>\n\t\t<\/div>\n\t\t\t\t\t\t\t<\/div>\n\t\t<\/section>\n\t\t\t\t<section class=\"elementor-section elementor-top-section elementor-element elementor-element-6b7ff5a4 elementor-section-full_width elementor-section-stretched elementor-section-height-default elementor-section-height-default\" data-id=\"6b7ff5a4\" data-element_type=\"section\" data-settings=\"{&quot;stretch_section&quot;:&quot;section-stretched&quot;,&quot;background_background&quot;:&quot;classic&quot;}\">\n\t\t\t\t\t\t<div class=\"elementor-container elementor-column-gap-default\">\n\t\t\t\t\t<div class=\"elementor-column elementor-col-100 elementor-top-column elementor-element elementor-element-3df90e00 elementor-invisible\" data-id=\"3df90e00\" data-element_type=\"column\" data-settings=\"{&quot;animation&quot;:&quot;fadeInLeft&quot;,&quot;background_background&quot;:&quot;classic&quot;}\">\n\t\t\t<div class=\"elementor-widget-wrap elementor-element-populated\">\n\t\t\t\t\t\t\t\t<div class=\"elementor-element elementor-element-28ba92ca elementor-widget elementor-widget-text-editor\" data-id=\"28ba92ca\" data-element_type=\"widget\" data-widget_type=\"text-editor.default\">\n\t\t\t\t<div class=\"elementor-widget-container\">\n\t\t\t\t\t\t\t, et des corpus th\u00e9ologico-juridiques qui se sont greff\u00e9 \u00e0 eux, n\u2019a eu de cesse de s\u2019accro\u00eetre pendant le XXe si\u00e8cle et au-del\u00e0. De nombreux travaux ont permis de mettre en place une dynamique opposant sch\u00e9matiquement conservateurs et progressistes, traditionalistes et modernistes. L\u2019av\u00e8nement d\u2019id\u00e9ologies religieuses structur\u00e9es autour de projets de soci\u00e9t\u00e9 (le salafisme, l\u2019islamisme, la Sahwa) a nourri cette dynamique et maintenu de vifs d\u00e9bats sur le rapport entre politique et religion en Islam, sur le statut des femmes (la polygamie, le port du voile, l\u2019\u00e9galit\u00e9 des droits, etc.) ou, apr\u00e8s les r\u00e9volutions arabes de 2011, sur le type de gouvernement et de constitution qu\u2019il faudrait mettre en place. Ainsi, \u00e0 la vitalit\u00e9 des mouvements qui \u0153uvrent pour le maintien de la Tradition ou encore pour la r\u00e9activation de mod\u00e8les de la pens\u00e9e extr\u00eame et l\u2019adoption de conduites justifiant la violence par la religion s\u2019opposent les dynamiques individuelles ou collectives qui s\u2019engagent dans les voies oppos\u00e9es de l\u2019approche rationnelle des corpus classiques et de la critique et d\u00e9construction des id\u00e9ologies adoss\u00e9es aux textes sacr\u00e9s. \t\t\t\t\t\t<\/div>\n\t\t\t\t<\/div>\n\t\t\t\t<div class=\"elementor-element elementor-element-8e86fc9 elementor-widget elementor-widget-text-editor\" data-id=\"8e86fc9\" data-element_type=\"widget\" data-widget_type=\"text-editor.default\">\n\t\t\t\t<div class=\"elementor-widget-container\">\n\t\t\t\t\t\t\tLa mise en place de cet axe au sein du CEFREPA va permettre de faire conna\u00eetre les travaux de plusieurs auteurs qui se sont pench\u00e9s sur ces questions et d\u2019engager avec eux un dialogue nourri par le renouvellement du champ de l\u2019islamologie fran\u00e7aise qui a profit\u00e9 r\u00e9cemment de la cr\u00e9ation de l\u2019IFI (Institut Fran\u00e7ais d\u2019Islamologie) et de la promotion des travaux allant dans ce sens. Malgr\u00e9 la centralit\u00e9 de certains terrains pour l\u2019approche de ces sujets comme l\u2019Egypte (affaire Farag puis Abu Zayd) ou la Tunisie (d\u00e9bats sur l\u2019\u00e9galit\u00e9 de l\u2019h\u00e9ritage entre l\u2019homme et la femme), les pays de la p\u00e9ninsule Arabique jouissent aujourd\u2019hui d\u2019un d\u00e9veloppement important des discussions autour de ces sujets, que ce soit en raison de la pr\u00e9sence d\u2019une forte tradition de d\u00e9bat intellectuel et de libert\u00e9 de pens\u00e9e (le Kowe\u00eft par exemple), ou bien gr\u00e2ce \u00e0 la reconfiguration acc\u00e9l\u00e9r\u00e9e du champ de la pens\u00e9e religieuse comme le montre l\u2019exemple de l\u2019Arabie saoudite qui a men\u00e9 \u00e0 partir de 2019 une r\u00e9forme importante dans le domaine de l\u2019\u00e9ducation \u00e0 travers l\u2019introduction de l\u2019enseignement de la philosophie et de la pens\u00e9e critique, jadis inexistant dans le royaume. \n<br\/>\nDans le cadre de ces \u00e9volutions r\u00e9centes, le CEFREPA accueille de jeunes chercheurs (masterants, doctorants) et des chercheurs en poste pour mener des leurs travaux et mieux conna\u00eetre les acteurs du renouvellement des lectures des textes fondateurs et du d\u00e9veloppement de la critique scientifique nourrie par les m\u00e9thodologies des sciences humaines et sociales. Parmi les projets de recherche conduit par les membres du CEFREPA, il faut mentionner le lien entre politique et religion que ce soit dans les contextes europ\u00e9ens ou ceux du monde arabe (la s\u00e9cularisation, la nature de l\u2019Etat en islam, le probl\u00e8me du retour du califat), la question de la tol\u00e9rance ou de l\u2019intol\u00e9rance religieuse, notamment \u00e0 travers l\u2019examen de la question de la libert\u00e9 de conscience, encore mise \u00e0 mal dans certains pays en raison de la criminalisation de l\u2019apostasie (al-ridda) et du refus d\u2019admettre le choix volontaires des individus en ce qui concerne les questions th\u00e9ologiques.\t\t\t\t\t\t<\/div>\n\t\t\t\t<\/div>\n\t\t\t\t\t<\/div>\n\t\t<\/div>\n\t\t\t\t\t\t\t<\/div>\n\t\t<\/section>\n\t\t\t\t\t\t\t<\/div>\n\t\t","protected":false},"excerpt":{"rendered":"<p>Axe Transversal II Axe Transversal IILe renouvellement de la pens\u00e9e religieuse en islam \u00e0 l\u2019\u00e9poque contemporaine Centr\u00e9 sur les dynamiques port\u00e9es actuellement par les \u00e9crivains&#8230;<\/p>\n","protected":false},"author":1,"featured_media":0,"parent":0,"menu_order":0,"comment_status":"closed","ping_status":"closed","template":"","meta":{"footnotes":""},"_links":{"self":[{"href":"https:\/\/cefrepa.cnrs.fr\/fr\/wp-json\/wp\/v2\/pages\/9325"}],"collection":[{"href":"https:\/\/cefrepa.cnrs.fr\/fr\/wp-json\/wp\/v2\/pages"}],"about":[{"href":"https:\/\/cefrepa.cnrs.fr\/fr\/wp-json\/wp\/v2\/types\/page"}],"author":[{"embeddable":true,"href":"https:\/\/cefrepa.cnrs.fr\/fr\/wp-json\/wp\/v2\/users\/1"}],"replies":[{"embeddable":true,"href":"https:\/\/cefrepa.cnrs.fr\/fr\/wp-json\/wp\/v2\/comments?post=9325"}],"version-history":[{"count":15,"href":"https:\/\/cefrepa.cnrs.fr\/fr\/wp-json\/wp\/v2\/pages\/9325\/revisions"}],"predecessor-version":[{"id":11786,"href":"https:\/\/cefrepa.cnrs.fr\/fr\/wp-json\/wp\/v2\/pages\/9325\/revisions\/11786"}],"wp:attachment":[{"href":"https:\/\/cefrepa.cnrs.fr\/fr\/wp-json\/wp\/v2\/media?parent=9325"}],"curies":[{"name":"wp","href":"https:\/\/api.w.org\/{rel}","templated":true}]}}

Axe Transversal II &#8211; Le renouvellement de la pensée religieuse en islam à l’époque contemporaine

<div data-elementor-type="wp-page" data-elementor-id="9325" class="elementor elementor-9325">
									<section class="elementor-section elementor-top-section elementor-element elementor-element-687ebab elementor-section-full_width elementor-section-stretched elementor-section-height-default elementor-section-height-default" data-id="687ebab" data-element_type="section" data-settings="{&quot;stretch_section&quot;:&quot;section-stretched&quot;,&quot;background_background&quot;:&quot;classic&quot;}">
							<div class="elementor-background-overlay"></div>
							<div class="elementor-container elementor-column-gap-default">
					<div class="elementor-column elementor-col-100 elementor-top-column elementor-element elementor-element-652bb65b" data-id="652bb65b" data-element_type="column">
			<div class="elementor-widget-wrap elementor-element-populated">
								<div class="elementor-element elementor-element-2319b3fa elementor-widget elementor-widget-heading" data-id="2319b3fa" data-element_type="widget" data-widget_type="heading.default">
				<div class="elementor-widget-container">
			<style>/*! elementor - v3.18.0 - 20-12-2023 */
.elementor-heading-title{padding:0;margin:0;line-height:1}.elementor-widget-heading .elementor-heading-title[class*=elementor-size-]>a{color:inherit;font-size:inherit;line-height:inherit}.elementor-widget-heading .elementor-heading-title.elementor-size-small{font-size:15px}.elementor-widget-heading .elementor-heading-title.elementor-size-medium{font-size:19px}.elementor-widget-heading .elementor-heading-title.elementor-size-large{font-size:29px}.elementor-widget-heading .elementor-heading-title.elementor-size-xl{font-size:39px}.elementor-widget-heading .elementor-heading-title.elementor-size-xxl{font-size:59px}</style><h2 class="elementor-heading-title elementor-size-default">Axe Transversal II</h2>		</div>
				</div>
					</div>
		</div>
							</div>
		</section>
				<section class="elementor-section elementor-top-section elementor-element elementor-element-2d3bc6e0 elementor-section-full_width elementor-section-stretched elementor-section-height-default elementor-section-height-default" data-id="2d3bc6e0" data-element_type="section" data-settings="{&quot;stretch_section&quot;:&quot;section-stretched&quot;,&quot;background_background&quot;:&quot;classic&quot;}">
						<div class="elementor-container elementor-column-gap-default">
					<div class="elementor-column elementor-col-50 elementor-top-column elementor-element elementor-element-4b385461 elementor-invisible" data-id="4b385461" data-element_type="column" data-settings="{&quot;animation&quot;:&quot;fadeInLeft&quot;,&quot;background_background&quot;:&quot;classic&quot;}">
			<div class="elementor-widget-wrap elementor-element-populated">
								<div class="elementor-element elementor-element-5457a9de elementor-widget elementor-widget-loquet-heading-widget" data-id="5457a9de" data-element_type="widget" data-widget_type="loquet-heading-widget.default">
				<div class="elementor-widget-container">
			<div class="gt-module-title gt-style-1 gt-align-left gt-light"><div class="gt-sub-title"><span>Axe Transversal II</span></div><div class="gt-title">Le renouvellement de la pensée religieuse en islam à l’époque contemporaine</div></div>		</div>
				</div>
				<div class="elementor-element elementor-element-58e8ed1e elementor-widget elementor-widget-text-editor" data-id="58e8ed1e" data-element_type="widget" data-widget_type="text-editor.default">
				<div class="elementor-widget-container">
			<style>/*! elementor - v3.18.0 - 20-12-2023 */
.elementor-widget-text-editor.elementor-drop-cap-view-stacked .elementor-drop-cap{background-color:#69727d;color:#fff}.elementor-widget-text-editor.elementor-drop-cap-view-framed .elementor-drop-cap{color:#69727d;border:3px solid;background-color:transparent}.elementor-widget-text-editor:not(.elementor-drop-cap-view-default) .elementor-drop-cap{margin-top:8px}.elementor-widget-text-editor:not(.elementor-drop-cap-view-default) .elementor-drop-cap-letter{width:1em;height:1em}.elementor-widget-text-editor .elementor-drop-cap{float:left;text-align:center;line-height:1;font-size:50px}.elementor-widget-text-editor .elementor-drop-cap-letter{display:inline-block}</style>				Centré sur les dynamiques portées actuellement par les écrivains et les intellectuels du monde arabe en général et de la péninsule Arabique en particulier, ce deuxième axe transversal mobilise les efforts des historiens, politistes, anthropologues, philosophes ou sociologues afin de repérer les nouveaux foyers du renouvellement de la pensée religieuse en Islam. Bien que le thème remonte à la Nahda et aux travaux de pionniers comme Rifâ’a al-Tahtawî, Mohammad Abdou, Jamel-Eddin al-Afghanî, Khayr-Eddîn al-Tounisî ou Qâsim Amîn, l’intérêt pour la lecture des textes fondateurs de l’islam, 						</div>
				</div>
					</div>
		</div>
				<div class="elementor-column elementor-col-50 elementor-top-column elementor-element elementor-element-5c7c4a21 elementor-invisible" data-id="5c7c4a21" data-element_type="column" data-settings="{&quot;animation&quot;:&quot;fadeInRight&quot;}">
			<div class="elementor-widget-wrap elementor-element-populated">
								<div class="elementor-element elementor-element-30e23913 elementor-widget elementor-widget-image" data-id="30e23913" data-element_type="widget" data-widget_type="image.default">
				<div class="elementor-widget-container">
			<style>/*! elementor - v3.18.0 - 20-12-2023 */
.elementor-widget-image{text-align:center}.elementor-widget-image a{display:inline-block}.elementor-widget-image a img[src$=".svg"]{width:48px}.elementor-widget-image img{vertical-align:middle;display:inline-block}</style>													<a href="https://cefrepa.cnrs.fr/wp-content/uploads/2023/01/Jebel-Shams.jpg" data-elementor-open-lightbox="yes" data-elementor-lightbox-title="Jebel-Shams" data-e-action-hash="#elementor-action%3Aaction%3Dlightbox%26settings%3DeyJpZCI6OTMyOSwidXJsIjoiaHR0cHM6XC9cL2NlZnJlcGEuY25ycy5mclwvd3AtY29udGVudFwvdXBsb2Fkc1wvMjAyM1wvMDFcL0plYmVsLVNoYW1zLmpwZyJ9">
							<img fetchpriority="high" decoding="async" width="500" height="500" src="https://cefrepa.cnrs.fr/wp-content/uploads/2023/01/Jebel-Shams.jpg" class="elementor-animation-wobble-to-top-right attachment-full size-full wp-image-9329" alt="" srcset="https://cefrepa.cnrs.fr/wp-content/uploads/2023/01/Jebel-Shams.jpg 500w, https://cefrepa.cnrs.fr/wp-content/uploads/2023/01/Jebel-Shams-300x300.jpg 300w, https://cefrepa.cnrs.fr/wp-content/uploads/2023/01/Jebel-Shams-150x150.jpg 150w, https://cefrepa.cnrs.fr/wp-content/uploads/2023/01/Jebel-Shams-100x100.jpg 100w, https://cefrepa.cnrs.fr/wp-content/uploads/2023/01/Jebel-Shams-350x350.jpg 350w, https://cefrepa.cnrs.fr/wp-content/uploads/2023/01/Jebel-Shams-415x415.jpg 415w, https://cefrepa.cnrs.fr/wp-content/uploads/2023/01/Jebel-Shams-250x250.jpg 250w, https://cefrepa.cnrs.fr/wp-content/uploads/2023/01/Jebel-Shams-400x400.jpg 400w" sizes="(max-width: 500px) 100vw, 500px" />								</a>
															</div>
				</div>
					</div>
		</div>
							</div>
		</section>
				<section class="elementor-section elementor-top-section elementor-element elementor-element-6b7ff5a4 elementor-section-full_width elementor-section-stretched elementor-section-height-default elementor-section-height-default" data-id="6b7ff5a4" data-element_type="section" data-settings="{&quot;stretch_section&quot;:&quot;section-stretched&quot;,&quot;background_background&quot;:&quot;classic&quot;}">
						<div class="elementor-container elementor-column-gap-default">
					<div class="elementor-column elementor-col-100 elementor-top-column elementor-element elementor-element-3df90e00 elementor-invisible" data-id="3df90e00" data-element_type="column" data-settings="{&quot;animation&quot;:&quot;fadeInLeft&quot;,&quot;background_background&quot;:&quot;classic&quot;}">
			<div class="elementor-widget-wrap elementor-element-populated">
								<div class="elementor-element elementor-element-28ba92ca elementor-widget elementor-widget-text-editor" data-id="28ba92ca" data-element_type="widget" data-widget_type="text-editor.default">
				<div class="elementor-widget-container">
							, et des corpus théologico-juridiques qui se sont greffé à eux, n’a eu de cesse de s’accroître pendant le XXe siècle et au-delà. De nombreux travaux ont permis de mettre en place une dynamique opposant schématiquement conservateurs et progressistes, traditionalistes et modernistes. L’avènement d’idéologies religieuses structurées autour de projets de société (le salafisme, l’islamisme, la Sahwa) a nourri cette dynamique et maintenu de vifs débats sur le rapport entre politique et religion en Islam, sur le statut des femmes (la polygamie, le port du voile, l’égalité des droits, etc.) ou, après les révolutions arabes de 2011, sur le type de gouvernement et de constitution qu’il faudrait mettre en place. Ainsi, à la vitalité des mouvements qui œuvrent pour le maintien de la Tradition ou encore pour la réactivation de modèles de la pensée extrême et l’adoption de conduites justifiant la violence par la religion s’opposent les dynamiques individuelles ou collectives qui s’engagent dans les voies opposées de l’approche rationnelle des corpus classiques et de la critique et déconstruction des idéologies adossées aux textes sacrés. 						</div>
				</div>
				<div class="elementor-element elementor-element-8e86fc9 elementor-widget elementor-widget-text-editor" data-id="8e86fc9" data-element_type="widget" data-widget_type="text-editor.default">
				<div class="elementor-widget-container">
							La mise en place de cet axe au sein du CEFREPA va permettre de faire connaître les travaux de plusieurs auteurs qui se sont penchés sur ces questions et d’engager avec eux un dialogue nourri par le renouvellement du champ de l’islamologie française qui a profité récemment de la création de l’IFI (Institut Français d’Islamologie) et de la promotion des travaux allant dans ce sens. Malgré la centralité de certains terrains pour l’approche de ces sujets comme l’Egypte (affaire Farag puis Abu Zayd) ou la Tunisie (débats sur l’égalité de l’héritage entre l’homme et la femme), les pays de la péninsule Arabique jouissent aujourd’hui d’un développement important des discussions autour de ces sujets, que ce soit en raison de la présence d’une forte tradition de débat intellectuel et de liberté de pensée (le Koweït par exemple), ou bien grâce à la reconfiguration accélérée du champ de la pensée religieuse comme le montre l’exemple de l’Arabie saoudite qui a mené à partir de 2019 une réforme importante dans le domaine de l’éducation à travers l’introduction de l’enseignement de la philosophie et de la pensée critique, jadis inexistant dans le royaume. 
<br/>
Dans le cadre de ces évolutions récentes, le CEFREPA accueille de jeunes chercheurs (masterants, doctorants) et des chercheurs en poste pour mener des leurs travaux et mieux connaître les acteurs du renouvellement des lectures des textes fondateurs et du développement de la critique scientifique nourrie par les méthodologies des sciences humaines et sociales. Parmi les projets de recherche conduit par les membres du CEFREPA, il faut mentionner le lien entre politique et religion que ce soit dans les contextes européens ou ceux du monde arabe (la sécularisation, la nature de l’Etat en islam, le problème du retour du califat), la question de la tolérance ou de l’intolérance religieuse, notamment à travers l’examen de la question de la liberté de conscience, encore mise à mal dans certains pays en raison de la criminalisation de l’apostasie (al-ridda) et du refus d’admettre le choix volontaires des individus en ce qui concerne les questions théologiques.						</div>
				</div>
					</div>
		</div>
							</div>
		</section>
							</div>

<p>Axe Transversal II Axe Transversal IILe renouvellement de la pensée religieuse en islam à l’époque contemporaine Centré sur les dynamiques portées actuellement par les écrivains&#8230;</p>
